58761?
1
What is the hundreds digit of 768552?
5
What is the hundred thousands digit of 4444012?
4
What is the thousands digit of 25118086?
8
What is the ten thousands digit of 267338?
6
What is the hundreds digit of 10132518?
5
What is the millions digit of 3715203?
3
What is the ten thousands digit of 353475?
5
What is the hundreds digit of 65744?
7
What is the thousands digit of 22106?
2
What is the tens digit of 11213192?
9
What is the millions digit of 13261165?
3
What is the hundred thousands digit of 10116244?
1
What is the ten thousands digit of 280603?
8
What is the thousands digit of 35999?
5
What is the tens digit of 2597602?
0
What is the millions digit of 5250218?
5
What is the units digit of 454730?
0
What is the thousands digit of 79313?
9
What is the hundred thousands digit of 1222128?
2
What is the units digit of 95518?
8
What is the thousands digit of 16063739?
3
What is the thousands digit of 183946?
3
What is the tens digit of 23608682?
8
What is the hundred thousands digit of 110070?
1
What is the hundreds digit of 5120222?
2
What is the hundreds digit of 8264002?
0
What is the hundreds digit of 18143015?
0
What is the thousands digit of 21871?
1
What is the tens digit of 280360?
6
What is the units digit of 4219844?
4
What is the hundred thousands digit of 746083?
7
What is the ten thousands digit of 154360?
5
What is the hundred thousands digit of 1330331?
3
What is the hundreds digit of 235706?
7
What is the hundreds digit of 451913?
9
What is the hundreds digit of 180348?
3
What is the ten thousands digit of 262102?
6
What is the tens digit of 1654771?
7
What is the millions digit of 1839126?
1
What is the hundred thousands digit of 969465?
9
What is the tens digit of 41634?
3
What is the ten thousands digit of 641508?
4
What is the units digit of 48430?
0
What is the tens digit of 117407?
0
What is the thousands digit of 6305609?
5
What is the thousands digit of 4129814?
9
What is the thousands digit of 34063936?
3
What is the hundreds digit of 814055?
0
What is the tens digit of 10738002?
0
What is the hundred thousands digit of 1277647?
2
What is the hundreds digit of 841465?
4
What is the thousands digit of 319472?
9
What is the hundred thousands digit of 5420016?
4
What is the units digit of 182217?
7
What is the hundred thousands digit of 10639728?
6
What is the hundreds digit of 17294851?
8
What is the millions digit of 1528835?
1
What is the units digit of 9903695?
5
What is the hundred thousands digit of 7330857?
3
What is the tens digit of 317449?
4
What is the ten thousands digit of 370584?
7
What is the thousands digit of 997750?
7
What is the hundred thousands digit of 5271080?
2
What is the ten millions digit of 10349886?
1
What is the tens digit of 2546156?
5
What is the thousands digit of 225405?
5
What is the hundred thousands digit of 2893389?
8
What is the thousands digit of 261187?
1
What is the hundreds digit of 569518?
5
What is the tens digit of 737994?
9
What is the ten thousands digit of 3610587?
1
What is the hundreds digit of 2423712?
7
What is the tens digit of 72057?
5
What is the hundreds digit of 88055?
0
What is the thousands digit of 1059048?
9
What is the ten thousands digit of 6370377?
7
What is the hundred thousands digit of 319247?
3
What is the ten thousands digit of 31360?
3
What is the tens digit of 156917?
1
What is the tens digit of 598184?
8
What is the units digit of 195164?
4
What is the units digit of 900954?
4
What is the thousands digit of 24046551?
6
What is the hundreds digit of 1091631?
6
What is the units digit of 1545123?
3
What is the ten thousands digit of 1473142?
7
What is the ten thousands digit of 422266?
2
What is the units digit of 390177?
7
What is the hundreds digit of 392750?
7
What is the hundred thousands digit of 641781?
6
What is the units digit of 41478?
8
What is the hundreds digit of 3995491?
4
What is the ten thousands digit of 8061125?
6
What is the hundred thousands digit of 166469?
1
What is the units digit of 3650677?
7
What is the hundred thousands digit of 785551?
7
What is the thousands digit of 623995?
3
What is the ten thousands digit of 4272272?
7
What is the thousands digit of 182500?
2
What is the hundred thousands digit of 1748154?
7
What is the units digit of 6500523?
3
What is the hundreds digit of 210421?
4
What is the thousands digit of 205927?
5
What is the hundred thousands digit of 549185?
5
What is the thousands digit of 562139?
2
What is the hundreds digit of 232140?
1
What is the thousands digit of 908913?
8
What is the hundreds digit of 4922219?
2
What is the millions digit of 12176260?
2
What is the hundreds digit of 239195?
1
What is the ten thousands digit of 267324?
6
What is the hundred thousands digit of 4195935?
1
What is the thousands digit of 284566?
4
What is the tens digit of 1046606?
0
What is the hundred thousands digit of 16538538?
5
What is the tens digit of 287088?
8
What is the thousands digit of 20521580?
1
What is the thousands digit of 398023?
8
What is the tens digit of 71360?
6
What is the thousands digit of 53629?
3
What is the hundreds digit of 1821783?
7
What is the hundred thousands digit of 3406018?
4
What is the units digit of 346505?
5
What is the ten thousands digit of 5833121?
3
What is the thousands digit of 60216?
0
What is the tens digit of 4688630?
3
What is the units digit of 571481?
1
What is the units digit of 942839?
9
What is the tens digit of 869289?
8
What is the millions digit of 1484536?
1
What is the thousands digit of 988135?
8
What is the hundred thousands digit of 227335?
2
What is the units digit of 29222?
2
What is the hundreds digit of 8107175?
1
What is the tens digit of 5157562?
6
What is the thousands digit of 238172?
8
What is the hundreds digit of 12224084?
0
What is the thousands digit of 839727?
9
What is the ten thousands digit of 184737?
8
What is the thousands digit of 1044964?
4
What is the hundreds digit of 550196?
1
What is the units digit of 1822218?
8
What is the hundred thousands digit of 2967411?
9
What is the hundreds digit of 132501?
5
What is the ten thousands digit of 97248?
9
What is the units digit of 275347?
7
What is the ten thousands digit of 262978?
6
What is the thousands digit of 481314?
1
What is the hundreds digit of 2742500?
5
What is the tens digit of 307725?
2
What is the units digit of 231587?
7
What is the thousands digit of 9066421?
6
What is the hundred thousands digit of 425138?
4
What is the ten thousands digit of 20281086?
8
What is the thousands digit of 197205?
7
What is the hundreds digit of 93365?
3
What is the hundreds digit of 3124504?
5
What is the hundreds digit of 691849?
8
What is the tens digit of 2389599?
9
What is the tens digit of 279981?
8
What is the tens digit of 13285794?
9
What is the hundreds digit of 5689100?
1
What is the ten thousands digit of 5710789?
1
What is the hundreds digit of 175920?
9
What is the thousands digit of 502927?
2
What is the hundred thousands digit of 325533?
3
What is the tens digit of 185760?
6
What is the thousands digit of 67831?
7
What is the millions digit of 5029888?
5
What is the thousands digit of 147219?
7
What is the thousands digit of 117182?
7
What is the hundreds digit of 15525927?
9
What is the thousands digit of 3746942?
6
What is the units digit of 1906909?
9
What is the units digit of 9244418?
8
What is the units digit of 120112?
2
What is the units digit of 13170054?
4
What is the units digit of 1176102?
2
What is the hundred thousands digit of 19549810?
5
What is the thousands digit of 3147513?
7
What is the ten thousands digit of 2456018?
5
What is the units digit of 1655247?
7
What is the hundreds digit of 4106767?
7
What is the hundreds digit of 7440692?
6
What is the units digit of 5571014?
4
What is the millions digit of 2464114?
2
What is the hundred thousands digit of 207852?
2
What is the ten millions digit of 16686164?
1
What is the units digit of 492581?
1
What is the units digit of 69098?
8
What is the millions digit of 1883804?
1
What is the ten thousands digit of 3066666?
6
What is the thousands digit of 288491?
8
What is the tens digit of 5499219?
1
What is the hundreds digit of 31912?
9
What is the hundred thousands digit of 14169844?
1
What is the hun